uppose -3*l - 3*g = -21, g - 6 = -2*l + 13. Let a be l/(-16) + 825/12. Suppose 40*c - 41*c + a = 0. What is the tens digit of c?
6
What is the hundreds digit of (-129962)/(-6) + 1462/(-903) + 27/21?
6
Let h be (-5 - -3) + 3/3. What is the tens digit of (-32 - -33)/(h/(-83))?
8
Let u be 0 + (-2)/11 + 3396/44. Suppose 5*d = u + 263. What is the units digit of d?
8
Suppose 0 = 7*q - 22*q + 45. What is the hundreds digit of (-23)/4*(-161 - q)?
9
Let t = -67831 + 96845. What is the thousands digit of t?
9
Let p = -906 + 907. Let w(r) = r**3 + 9*r**2 + 6*r - 11. Let j be w(-8). What is the tens digit of (171/j)/(p/5)?
7
Let y = -123 - -20. Let o = y + 97. What is the units digit of (-3 + 349)*(-3)/o?
3
Let t be ((-900)/(-375))/((8/(-75))/4). Let c = t + 473. What is the hundreds digit of c?
3
What is the thousands digit of 2630/(11 - 117/12)?
2
Let z(v) = -92*v - 91. Let b be z(-4). Let l = -166 + b. What is the hundreds digit of l?
1
Let l = 4036 - -10953. What is the units digit of l?
9
Let q = -24 + 19. What is the units digit of 1*(q + 3) - (6 - 453)?
5
Suppose 2*y - 838 = -5*v, 5*y = -3*v + 2*v + 2141. Let w = y - 55. What is the units digit of w?
4
Let p = 41229 - 28207. What is the hundreds digit of p?
0
Suppose 0 = 11*p - 15*p - 756. Let z = p + 645. What is the hundreds digit of z?
4
Suppose 5*o - 26 - 94 = 5*a, 5*o = -3*a + 104. Suppose -20*x + o*x = 2*b - 364, 3*b - 542 = 5*x. What is the hundreds digit of b?
1
Let o(l) = 9*l**2 - 9*l + 34. Let t(n) = -44*n**2 + 43*n - 168. Let d(h) = 11*o(h) + 2*t(h). What is the thousands digit of d(10)?
1
Let s(n) be the third derivative of -13*n**4/24 + n**3/2 - 21*n**2. Suppose -6 = 2*p + p. What is the tens digit of s(p)?
2
Suppose -3*z - 16 - 2 = 0, 0 = -3*v + 5*z + 5640. What is the tens digit of v?
7
Suppose -7*u + 676 = -20*u. Let a be 2/(-4) - 241/(-2). Let n = u + a. What is the units digit of n?
8
What is the thousands digit of 2288/(-12)*(-5)/((-30)/(-162))?
5
Let h be 3 + 1 - -178*(15 + 18). What is the tens digit of 78/546 + h/14?
2
Let v(l) = -l**3 + 6*l**2 - 6*l. Let h be v(5). Let n(u) = -16 + 3*u**2 - 246*u + 83*u + 79*u + 84*u. What is the units digit of n(h)?
9
Suppose -93*c + 86*c = 0. Suppose c = -37*n + 22*n + 3465. What is the units digit of n?
1
Let x(c) = 2*c**3 - 23*c**2 - 10*c - 22. Let u be x(12). Suppose -p = u*m - 344, -m = -5*p + 2344 - 580. What is the units digit of p?
2
Let f be 11*1 - (9 - 11). Suppose 5*y = f*y + 8. Let q = 46 - y. What is the units digit of q?
7
Let a(v) = 3*v**2 + v - 6. Suppose 10*d = 9*d - 3. Let c be a(d). What is the tens digit of (-72)/((-1)/(-2) + c/(-20))?
8
Suppose -82*b - 62424 = -133*b. What is the tens digit of b?
2
What is the hundreds digit of (-8)/(-6)*(-345)/92*-1228?
1
Let k(w) = 14*w**3 + w**2 + 6*w - 17. Let y be k(7). Suppose 19*t = 25776 - y. What is the thousands digit of t?
1
Suppose 4 = 12*s - 11*s. Suppose 0 = y + s*x - 426 + 94, -y = 3*x - 329. Suppose -y = -4*b + 2*h, 0 = 2*b + 7*h - 5*h - 148. What is the units digit of b?
8
What is the units digit of 1799*(0 + 6) - (42 - 49)?
1
Let l(s) = 1862*s - 1207. What is the units digit of l(13)?
9
Let x = -184 + 184. Suppose x = 3*p - 4*p + 186. What is the tens digit of p?
8
Let q(l) = 8494*l - 2025. What is the tens digit of q(2)?
6
Let d(c) = c**3 - 72*c**2 - 922*c + 220. What is the thousands digit of d(85)?
5
Suppose h + 2 = 8, 5*f - 26094 = h. What is the tens digit of f?
2
Let s be -3 + (0 - (2 - 2)). Let n be s/9 - (-80)/24. Let u(g) = 22*g - 5. What is the tens digit of u(n)?
6
Suppose -3*x + 231*x - 10081 = 5740763. What is the tens digit of x?
2
Let u(n) = 14*n**3 + 2*n**2 + n - 2. Let g be u(2). Let h(a) = 35*a - 13. Let s be h(-2). Let i = s + g. What is the units digit of i?
7
Suppose -4*b + 11 = u - 5, 3*b = 2*u + 1. Suppose 0*t = 4*t - x - 1275, -3*x = -u*t + 1281. What is the units digit of t?
8
Suppose 4*a - 2*h = 16022 + 10710, -5*a - 2*h + 33406 = 0. What is the thousands digit of a?
6
Suppose -2*s - 165 = -m - 3*s, 4*s = -3*m + 494. Let w be (-26)/(-8) + 3*(-12)/144. Suppose 0*u + i + 128 = w*u, i = -4*u + m. What is the units digit of u?
2
Suppose -435*c = -482*c + 1585075. What is the tens digit of c?
2
Let d(h) = -10*h**2 - 10*h - 14. Let o(u) = -8*u**2 - 10*u - 12. Let v(k) = 3*d(k) - 4*o(k). What is the units digit of v(10)?
6
Suppose 154 = 4*f + 17*l - 19*l, -l + 203 = 5*f. Suppose 4*t + 510 = 5*h, 5*t = h - 142 + f. What is the units digit of h?
2
Suppose -q = -15*q + 2926. What is the hundreds digit of 22/q + 43371/57?
7
Let s = 22089 - -37860. What is the tens digit of s?
4
Suppose -5*a + 3*h = -8594, 0 = -8*a + 10*a - 5*h - 3449. What is the thousands digit of a?
1
Let d = 33 - 51. Suppose -9*a = -13*a + 484. Let q = a + d. What is the hundreds digit of q?
1
Let h(k) = -k**3 - 4*k**2 + 5*k - 4. Let u(s) = -s**2 + 11*s + 28. Let g be u(12). Suppose 0 = -g*m + 11*m - 30. What is the units digit of h(m)?
8
Suppose 0 = 2*g + 2*t + 2, 0 = 3*g - 2*g + 2*t. Suppose 22 = -4*w + 3*x, -3*w + 7*x - 6 = 10*x. What is the units digit of (g + (-51)/2)*w/5?
2
Let q = 5976 + -2091. What is the thousands digit of q?
3
Let f be ((-2)/(-8))/(8/64). Let m(g) = 7*g - 2. Let t be m(f). Suppose 14*a - t*a - 130 = 0. What is the units digit of a?
5
What is the tens digit of (-185 + (-805)/(-35))*382/(-4)?
7
Let v(t) be the second derivative of 2*t**4/3 + 7*t**3/6 + 9*t. Let l be v(-8). Let p = -274 + l. What is the hundreds digit of p?
1
Suppose 4*b + w - 614 = -2*w, 0 = 5*b - 2*w - 779. Suppose -4*o = -3*q + 467, -b = -2*q + q + 2*o. What is the tens digit of q?
5
Suppose -5*v + 6715 = -26*n + 31*n, 0 = n - 2*v - 1343. What is the thousands digit of n?
1
Suppose 43*q + 73600 = 47*q + 3*h, 0 = 5*q + 3*h - 91997. What is the tens digit of q?
9
Let y = 50274 + 7616. What is the thousands digit of y?
7
Let d(g) = 1771*g**2 + 125*g - 684. What is the tens digit of d(6)?
2
Let f(m) = 4*m - 17 - 87*m - 99 + 9 + 20*m. What is the hundreds digit of f(-8)?
3
Let v(m) = 32*m**3 + 2*m + 3. Let f be v(2). Suppose 8*j - 7*j + 2*b - f = 0, -3*j + 800 = -5*b. What is the tens digit of j?
6
Suppose -4*i + 34936 = 2*b, 10*i + 52408 = 3*b + 12*i. What is the tens digit of b?
7
Suppose 55*h = -168*h - h + 360192. What is the hundreds digit of h?
6
Suppose 31*a - 34*a + 60 = 0. What is the hundreds digit of 26/260 - (-7198)/a?
3
Let o be 4/16 + (-1 - 33/(-12)). Suppose 3*z = -o*z + 375. Suppose -5*g + 0*c = 2*c - z, -5*g + 2*c = -75. What is the tens digit of g?
1
Let l = -615 + 615. Suppose -4*u - 2*s + 2220 = l, 5*u - 2*s - 2214 = 579. What is the units digit of u?
7
Let a(t) = -35*t + 6. Suppose 13*z + 18 = 5. Let y be a(z). Let b = y + 32. What is the tens digit of b?
7
Suppose -17006 = -7*t + 21375. What is the hundreds digit of t?
4
Let j(y) = -2*y**3 - 16*y**2 + 100*y + 106. What is the tens digit of j(-28)?
6
Let f = -401 + 2453. Suppose 4*b = -2*b + f. What is the tens digit of b?
4
Suppose -26*z - 12545 = -39*z. Suppose -10*s - z = -15*s. What is the units digit of s?
3
Let w = 61 - -13. Suppose 0 = 3*f - o - 214, -14*f - w = -15*f + o. What is the units digit of f?
0
Let w(o) = o**3 - 3*o**2 + 3*o - 3. Let m be w(3). Suppose 0 = -2*c + m - 14. Let g(n) = -n**3 + 2*n**2 + 7*n - 5. What is the units digit of g(c)?
3
Let h be -4*6/84*-77. Let s(r) = 67*r**2 + 5*r - 6. Let f be s(4). What is the tens digit of f/(-4)*h/(-33)?
8
Suppose -527*s = -522*s - 9050. Suppose -5*y = -0*y - s. What is the hundreds digit of y?
3
Suppose -2*v - 18 = -11*v. Let x(b) = -3*b + 39. Let h be x(13). Suppose h = v*g - 34 - 10. What is the units digit of g?
2
Suppose 2*u + 1155 = 2*o + 14003, 4*o = -3*u + 19307. What is the hundreds digit of u?
4
Let u = 10914 - 9828. What is the units digit of u?
6
What is the thousands digit of ((-871)/201 - (-10)/2)/((-8)/(-191796))?
5
Let q(i) = 52*i**2 - 57*i - 69. What is the thousands digit of q(15)?
0
Suppose -4*z + 10 = -9*z. Let w(t) = 18*t**2 + 5 + 15*t**2 + 18*t**2. What is the units digit of w(z)?
9
Suppose l - 3*t = 17, -2*l - 5*t = -0*l + 10. Let x be 73/l + 24/(-40). What is the tens digit of 85 + 0 - (x + -16)?
8
Let d be ((-1 + 9)/4)/(2/269). Suppose -y = 4*h - 1042, 5*h + d = 2*y + 1565. What is the tens digit of h?
6
Suppose -47*m + 434107 = -11222